ided by 225.
218
Calculate the remainder when 14822 is divided by 61.
60
What is the remainder when 63 is divided by 29?
5
What is the remainder when 2149 is divided by 86?
85
Calculate the remainder when 163 is divided by 28.
23
What is the remainder when 345 is divided by 50?
45
What is the remainder when 1293 is divided by 24?
21
What is the remainder when 186 is divided by 47?
45
What is the remainder when 1540 is divided by 255?
10
Calculate the remainder when 176 is divided by 45.
41
What is the remainder when 1175 is divided by 12?
11
Calculate the remainder when 3345 is divided by 93.
90
Calculate the remainder when 40 is divided by 9.
4
Calculate the remainder when 10558 is divided by 4.
2
What is the remainder when 466 is divided by 200?
66
What is the remainder when 90 is divided by 20?
10
Calculate the remainder when 3230 is divided by 3228.
2
Calculate the remainder when 826 is divided by 410.
6
Calculate the remainder when 117 is divided by 27.
9
Calculate the remainder when 31 is divided by 12.
7
What is the remainder when 542 is divided by 146?
104
What is the remainder when 206 is divided by 28?
10
Calculate the remainder when 73 is divided by 4.
1
Calculate the remainder when 737 is divided by 57.
53
What is the remainder when 338 is divided by 124?
90
Calculate the remainder when 239 is divided by 65.
44
Calculate the remainder when 1723 is divided by 5.
3
What is the remainder when 833 is divided by 38?
35
Calculate the remainder when 154 is divided by 34.
18
What is the remainder when 91 is divided by 87?
4
Calculate the remainder when 454 is divided by 24.
22
Calculate the remainder when 3846 is divided by 481.
479
What is the remainder when 243 is divided by 61?
60
What is the remainder when 9286 is divided by 108?
106
Calculate the remainder when 180 is divided by 46.
42
What is the remainder when 69 is divided by 35?
34
Calculate the remainder when 833 is divided by 100.
33
What is the remainder when 266 is divided by 72?
50
Calculate the remainder when 44 is divided by 9.
8
Calculate the remainder when 138 is divided by 18.
12
Calculate the remainder when 9 is divided by 5.
4
Calculate the remainder when 613 is divided by 14.
11
What is the remainder when 64 is divided by 26?
12
What is the remainder when 134 is divided by 132?
2
What is the remainder when 206 is divided by 9?
8
Calculate the remainder when 639 is divided by 20.
19
Calculate the remainder when 184 is divided by 69.
46
What is the remainder when 524 is divided by 184?
156
Calculate the remainder when 197 is divided by 18.
17
What is the remainder when 1512 is divided by 165?
27
Calculate the remainder when 1655 is divided by 83.
78
What is the remainder when 5947 is divided by 2973?
1
Calculate the remainder when 904 is divided by 83.
74
What is the remainder when 1110 is divided by 3?
0
Calculate the remainder when 143 is divided by 5.
3
Calculate the remainder when 895 is divided by 313.
269
Calculate the remainder when 35 is divided by 9.
8
What is the remainder when 488 is divided by 38?
32
Calculate the remainder when 42 is divided by 6.
0
Calculate the remainder when 2391 is divided by 63.
60
Calculate the remainder when 90 is divided by 7.
6
Calculate the remainder when 9762 is divided by 45.
42
What is the remainder when 1197 is divided by 32?
13
What is the remainder when 274 is divided by 25?
24
What is the remainder when 1854 is divided by 116?
114
Calculate the remainder when 246 is divided by 62.
60
What is the remainder when 1038 is divided by 65?
63
Calculate the remainder when 57 is divided by 10.
7
What is the remainder when 1249 is divided by 34?
25
Calculate the remainder when 177 is divided by 15.
12
What is the remainder when 231 is divided by 69?
24
Calculate the remainder when 1648 is divided by 13.
10
Calculate the remainder when 2381 is divided by 36.
5
Calculate the remainder when 2880 is divided by 8.
0
What is the remainder when 236 is divided by 7?
5
What is the remainder when 158 is divided by 10?
8
Calculate the remainder when 1542 is divided by 103.
100
What is the remainder when 45 is divided by 28?
17
What is the remainder when 3124 is divided by 23?
19
Calculate the remainder when 1810 is divided by 50.
10
Calculate the remainder when 12988 is divided by 213.
208
What is the remainder when 204 is divided by 16?
12
Calculate the remainder when 72 is divided by 37.
35
Calculate the remainder when 1385 is divided by 8.
1
What is the remainder when 7678 is divided by 167?
163
Calculate the remainder when 871 is divided by 287.
10
Calculate the remainder when 800 is divided by 259.
23
Calculate the remainder when 197 is divided by 10.
7
What is the remainder when 1219 is divided by 24?
19
Calculate the remainder when 297 is divided by 32.
9
Calculate the remainder when 1664 is divided by 14.
12
What is the remainder when 81 is divided by 80?
1
What is the remainder when 225 is divided by 47?
37
Calculate the remainder when 510 is divided by 138.
96
What is the remainder when 7462 is divided by 131?
126
Calculate the remainder when 25 is divided by 9.
7
Calculate the remainder when 10723 is divided by 75.
73
What is the remainder when 9 is divided by 4?
1
Calculate the remainder when 175 is divided by 23.
14
Calculate the remainder when 261 is divided by 44.
41
Calculate the remainder when 41411 is divided by 42.
41
What is the remainder when 463 is divided by 120?
103
What is the remainder when 325 is divided by 47?
43
What is the remainder when 196 is divided by 94?
8
Calculate the remainder when 120 is divided by 45.
30
Calculate the remainder when 895 is divided by 56.
55
Calculate the remainder when 212 is divided by 55.
47
Calculate the remainder when 224 is divided by 37.
2
What is the remainder when 667 is divided by 90?
37
What is the remainder when 587 is divided by 98?
97
Calculate the remainder when 109 is divided by 4.
1
Calculate the remainder when 209 is divided by 40.
9
Calculate the remainder when 13 is divided by 9.
4
Calculate the remainder when 8236 is divided by 107.
104
What is the remainder when 678 is divided by 22?
18
Calculate the remainder when 431 is divided by 118.
77
What is the remainder when 1516 is divided by 499?
19
What is the remainder when 4284 is divided by 428?
4
What is the remainder when 124 is divided by 63?
61
What is the remainder when 1472 is divided by 487?
11
Calculate the remainder when 648 is divided by 175.
123
What is the remainder when 3586 is divided by 65?
11
What is the remainder when 174 is divided by 16?
14
Calculate the remainder when 7239 is divided by 45.
39
What is the remainder when 1386 is divided by 460?
6
Calculate the remainder when 752 is divided by 29.
27
What is the remainder when 391 is divided by 205?
186
What is the remainder when 294 is divided by 25?
19
What is the remainder when 8105 is divided by 11?
9
Calculate the remainder when 1782 is divided by 51.
48
Calculate the remainder when 4282 is divided by 9.
7
What is the remainder when 79 is divided by 70?
9
What is the remainder when 390 is divided by 46?
22
What is the remainder when 40 is divided by 32?
8
What is the remainder when 123 is divided by 44?
35
Calculate the remainder when 288 is divided by 139.
10
Calculate the remainder when 1621 is divided by 56.
53
What is the remainder when 329 is divided by 39?
17
Calculate the remainder when 334 is divided by 113.
108
What is the remainder when 59 is divided by 59?
0
What is the remainder when 89 is divided by 6?
5
Calculate the remainder when 32 is divided by 20.
12
What is the remainder when 64 is divided by 33?
31
What is the remainder when 536 is divided by 36?
32
Calculate the remainder when 233 is divided by 55.
13
Calculate the remainder when 157 is divided by 94.
63
What is the remainder when 303 is divided by 17?
14
What is the remainder when 572 is divided by 41?
39
What is the remainder when 1285 is divided by 39?
37
Calculate the remainder when 542 is divided by 13.
9
Calculate the remainder when 680 is divided by 38.
34
Calculate the remainder when 493 is divided by 481.
12
What is the remainder when 265 is divided by 5?
0
What is the remainder when 7 is divided by 3?
1
What is the remainder when 166 is divided by 48?
22
Calcul